{"id":2790,"date":"2016-01-23T14:20:01","date_gmt":"2016-01-23T13:20:01","guid":{"rendered":"https:\/\/greenyellow-stork-838202.hostingersite.com\/author\/"},"modified":"2021-06-03T18:28:54","modified_gmt":"2021-06-03T16:28:54","slug":"autore","status":"publish","type":"page","link":"https:\/\/marcoronconi.com\/it\/autore\/","title":{"rendered":"Autore"},"content":{"rendered":"<div  class=\"one withsmallpadding ppb_header \" style=\"text-align:left;padding:30px 0 30px 0;\" >\n<div class=\"standard_wrapper\">\n<div class=\"page_content_wrapper\">\n<div class=\"inner\">\n<div style=\"margin:auto;width:100%\">\n<h2 class=\"ppb_title\" style=\"\">Author<\/h2>\n<hr class=\"title_break left\" style=\"\"\/>\n<div class=\"ppb_header_content\">\n<p>Who I Am &#8211; Marco Ronconi<\/p>\n<\/div>\n<\/div>\n<\/div>\n<\/div>\n<\/div>\n<\/div>\n<div  class=\"one withsmallpadding ppb_text\" style=\"padding:30px 0 30px 0;\" >\n<div class=\"standard_wrapper\">\n<div class=\"page_content_wrapper\">\n<div class=\"inner\">\n<div style=\"margin:auto;width:100%\">\n<p style=\"text-align: left;\">Fotografo professionista, specializzato nella fotografia di <strong>fauna selvatica e paesaggi<\/strong> dell\u2019emisfero nord. Le sue stampe fine-art sono state esibite in gallerie e le sue immagini sono state presentate in svariate riviste europee. Attualmente rappresentato dalle gallerie Nordiart e Route gallery.<\/p>\n<p style=\"text-align: left;\">La sua visione fotografica si concentra specialmente nel cogliere emozioni e suggestioni, usando la luce ed elementi quali la neve, il ghiaccio e la nebbia. Cerca di celebrare la pura <strong>bellezza di un paesaggio<\/strong> o il fugace incontro con un <strong>animale selvatico<\/strong>, con semplicit\u00e0, attribuendo la stessa importanza a ci\u00f2 che non si vede ed \u00e8 lasciato all&#8217;immaginazione. Il suo approccio alla fotografia naturalistica \u00e8 pi\u00f9 artistico e filosofico, che scientifico.<\/p>\n<p style=\"text-align: left;\">La fotografia non riguarda un ambiente specifico o una determinata specie, ma piuttosto il modo in cui quegli elementi opposti come chiaro e scuro o spazi vuoti e pieni, interagiscono tra loro creando quella sottile ma potente suggestione. Nel 2020 ha creato la casa editrice Kamui.<\/p>\n<\/div>\n<\/div>\n<\/div>\n<\/div>\n<\/div>\n<div  class=\"one withsmallpadding ppb_text\" style=\"padding:30px 0 30px 0;\" >\n<div class=\"standard_wrapper\">\n<div class=\"page_content_wrapper\">\n<div class=\"inner\">\n<div style=\"margin:auto;width:100%\">\n<p style=\"text-align: left;\">Fotografo professionista, specializzato nella fotografia di <strong>fauna selvatica e paesaggi<\/strong> dell\u2019emisfero nord. Le sue stampe fine-art sono state esibite in gallerie e le sue immagini sono state presentate in svariate riviste europee. Attualmente rappresentato dalle gallerie Nordiart e Route gallery.<\/p>\n<p style=\"text-align: left;\">La sua visione fotografica si concentra specialmente nel cogliere emozioni e suggestioni, usando la luce ed elementi quali la neve, il ghiaccio e la nebbia. Cerca di celebrare la pura <strong>bellezza di un paesaggio<\/strong> o il fugace incontro con un <strong>animale selvatico<\/strong>, con semplicit\u00e0, attribuendo la stessa importanza a ci\u00f2 che non si vede ed \u00e8 lasciato all&#8217;immaginazione. Il suo approccio alla fotografia naturalistica \u00e8 pi\u00f9 artistico e filosofico, che scientifico.<\/p>\n<p style=\"text-align: left;\">La fotografia non riguarda un ambiente specifico o una determinata specie, ma piuttosto il modo in cui quegli elementi opposti come chiaro e scuro o spazi vuoti e pieni, interagiscono tra loro creando quella sottile ma potente suggestione. Nel 2020 ha creato la casa editrice Kamui.<\/p>\n<\/div>\n<\/div>\n<\/div>\n<\/div>\n<\/div>\n","protected":false},"excerpt":{"rendered":"","protected":false},"author":2,"featured_media":2204,"parent":0,"menu_order":0,"comment_status":"closed","ping_status":"closed","template":"","meta":{"_acf_changed":false,"footnotes":""},"class_list":["post-2790","page","type-page","status-publish","has-post-thumbnail","hentry"],"acf":[],"yoast_head":"<!-- This site is optimized with the Yoast SEO plugin v26.0 - https:\/\/yoast.com\/wordpress\/plugins\/seo\/ -->\n<title>Autore Marco Ronconi Nature Photographer<\/title>\n<meta name=\"robots\" content=\"index, follow, max-snippet:-1, max-image-preview:large, max-video-preview:-1\" \/>\n<link rel=\"canonical\" href=\"https:\/\/marcoronconi.com\/it\/autore\/\" \/>\n<meta property=\"og:locale\" content=\"it_IT\" \/>\n<meta property=\"og:type\" content=\"article\" \/>\n<meta property=\"og:title\" content=\"Autore Marco Ronconi Nature Photographer\" \/>\n<meta property=\"og:url\" content=\"https:\/\/marcoronconi.com\/it\/autore\/\" \/>\n<meta property=\"og:site_name\" content=\"Marco Ronconi Nature Photographer\" \/>\n<meta property=\"article:publisher\" content=\"https:\/\/www.facebook.com\/Marco-Ronconi-photographer-493864744094649\/\" \/>\n<meta property=\"article:modified_time\" content=\"2021-06-03T16:28:54+00:00\" \/>\n<meta property=\"og:image\" content=\"https:\/\/marcoronconi.com\/wp-content\/uploads\/2016\/01\/Me_portrait_storm_fjallraven_site.jpg\" \/>\n\t<meta property=\"og:image:width\" content=\"900\" \/>\n\t<meta property=\"og:image:height\" content=\"600\" \/>\n\t<meta property=\"og:image:type\" content=\"image\/jpeg\" \/>\n<meta name=\"twitter:card\" content=\"summary_large_image\" \/>\n<meta name=\"twitter:label1\" content=\"Tempo di lettura stimato\" \/>\n\t<meta name=\"twitter:data1\" content=\"2 minuti\" \/>\n<script type=\"application\/ld+json\" class=\"yoast-schema-graph\">{\"@context\":\"https:\/\/schema.org\",\"@graph\":[{\"@type\":\"WebPage\",\"@id\":\"https:\/\/marcoronconi.com\/it\/autore\/\",\"url\":\"https:\/\/marcoronconi.com\/it\/autore\/\",\"name\":\"Autore Marco Ronconi Nature Photographer\",\"isPartOf\":{\"@id\":\"https:\/\/marcoronconi.com\/#website\"},\"primaryImageOfPage\":{\"@id\":\"https:\/\/marcoronconi.com\/it\/autore\/#primaryimage\"},\"image\":{\"@id\":\"https:\/\/marcoronconi.com\/it\/autore\/#primaryimage\"},\"thumbnailUrl\":\"https:\/\/marcoronconi.com\/wp-content\/uploads\/2016\/01\/Me_portrait_storm_fjallraven_site.jpg\",\"datePublished\":\"2016-01-23T13:20:01+00:00\",\"dateModified\":\"2021-06-03T16:28:54+00:00\",\"breadcrumb\":{\"@id\":\"https:\/\/marcoronconi.com\/it\/autore\/#breadcrumb\"},\"inLanguage\":\"it-IT\",\"potentialAction\":[{\"@type\":\"ReadAction\",\"target\":[\"https:\/\/marcoronconi.com\/it\/autore\/\"]}]},{\"@type\":\"ImageObject\",\"inLanguage\":\"it-IT\",\"@id\":\"https:\/\/marcoronconi.com\/it\/autore\/#primaryimage\",\"url\":\"https:\/\/marcoronconi.com\/wp-content\/uploads\/2016\/01\/Me_portrait_storm_fjallraven_site.jpg\",\"contentUrl\":\"https:\/\/marcoronconi.com\/wp-content\/uploads\/2016\/01\/Me_portrait_storm_fjallraven_site.jpg\",\"width\":900,\"height\":600},{\"@type\":\"BreadcrumbList\",\"@id\":\"https:\/\/marcoronconi.com\/it\/autore\/#breadcrumb\",\"itemListElement\":[{\"@type\":\"ListItem\",\"position\":1,\"name\":\"Home\",\"item\":\"https:\/\/marcoronconi.com\/it\/\"},{\"@type\":\"ListItem\",\"position\":2,\"name\":\"Autore\"}]},{\"@type\":\"WebSite\",\"@id\":\"https:\/\/marcoronconi.com\/#website\",\"url\":\"https:\/\/marcoronconi.com\/\",\"name\":\"Marco Ronconi Nature Photographer\",\"description\":\"Marco Ronconi Nature Photographer\",\"publisher\":{\"@id\":\"https:\/\/marcoronconi.com\/#organization\"},\"potentialAction\":[{\"@type\":\"SearchAction\",\"target\":{\"@type\":\"EntryPoint\",\"urlTemplate\":\"https:\/\/marcoronconi.com\/?s={search_term_string}\"},\"query-input\":{\"@type\":\"PropertyValueSpecification\",\"valueRequired\":true,\"valueName\":\"search_term_string\"}}],\"inLanguage\":\"it-IT\"},{\"@type\":\"Organization\",\"@id\":\"https:\/\/marcoronconi.com\/#organization\",\"name\":\"Marco Ronconi Nature Photographer\",\"url\":\"https:\/\/marcoronconi.com\/\",\"logo\":{\"@type\":\"ImageObject\",\"inLanguage\":\"it-IT\",\"@id\":\"https:\/\/marcoronconi.com\/#\/schema\/logo\/image\/\",\"url\":\"https:\/\/marcoronconi.com\/wp-content\/uploads\/2016\/01\/Marco-Ronconi-logo-def.png\",\"contentUrl\":\"https:\/\/marcoronconi.com\/wp-content\/uploads\/2016\/01\/Marco-Ronconi-logo-def.png\",\"width\":350,\"height\":62,\"caption\":\"Marco Ronconi Nature Photographer\"},\"image\":{\"@id\":\"https:\/\/marcoronconi.com\/#\/schema\/logo\/image\/\"},\"sameAs\":[\"https:\/\/www.facebook.com\/Marco-Ronconi-photographer-493864744094649\/\",\"https:\/\/www.instagram.com\/marco_ronconi\/\"]}]}<\/script>\n<!-- \/ Yoast SEO plugin. -->","yoast_head_json":{"title":"Autore Marco Ronconi Nature Photographer","robots":{"index":"index","follow":"follow","max-snippet":"max-snippet:-1","max-image-preview":"max-image-preview:large","max-video-preview":"max-video-preview:-1"},"canonical":"https:\/\/marcoronconi.com\/it\/autore\/","og_locale":"it_IT","og_type":"article","og_title":"Autore Marco Ronconi Nature Photographer","og_url":"https:\/\/marcoronconi.com\/it\/autore\/","og_site_name":"Marco Ronconi Nature Photographer","article_publisher":"https:\/\/www.facebook.com\/Marco-Ronconi-photographer-493864744094649\/","article_modified_time":"2021-06-03T16:28:54+00:00","og_image":[{"width":900,"height":600,"url":"https:\/\/marcoronconi.com\/wp-content\/uploads\/2016\/01\/Me_portrait_storm_fjallraven_site.jpg","type":"image\/jpeg"}],"twitter_card":"summary_large_image","twitter_misc":{"Tempo di lettura stimato":"2 minuti"},"schema":{"@context":"https:\/\/schema.org","@graph":[{"@type":"WebPage","@id":"https:\/\/marcoronconi.com\/it\/autore\/","url":"https:\/\/marcoronconi.com\/it\/autore\/","name":"Autore Marco Ronconi Nature Photographer","isPartOf":{"@id":"https:\/\/marcoronconi.com\/#website"},"primaryImageOfPage":{"@id":"https:\/\/marcoronconi.com\/it\/autore\/#primaryimage"},"image":{"@id":"https:\/\/marcoronconi.com\/it\/autore\/#primaryimage"},"thumbnailUrl":"https:\/\/marcoronconi.com\/wp-content\/uploads\/2016\/01\/Me_portrait_storm_fjallraven_site.jpg","datePublished":"2016-01-23T13:20:01+00:00","dateModified":"2021-06-03T16:28:54+00:00","breadcrumb":{"@id":"https:\/\/marcoronconi.com\/it\/autore\/#breadcrumb"},"inLanguage":"it-IT","potentialAction":[{"@type":"ReadAction","target":["https:\/\/marcoronconi.com\/it\/autore\/"]}]},{"@type":"ImageObject","inLanguage":"it-IT","@id":"https:\/\/marcoronconi.com\/it\/autore\/#primaryimage","url":"https:\/\/marcoronconi.com\/wp-content\/uploads\/2016\/01\/Me_portrait_storm_fjallraven_site.jpg","contentUrl":"https:\/\/marcoronconi.com\/wp-content\/uploads\/2016\/01\/Me_portrait_storm_fjallraven_site.jpg","width":900,"height":600},{"@type":"BreadcrumbList","@id":"https:\/\/marcoronconi.com\/it\/autore\/#breadcrumb","itemListElement":[{"@type":"ListItem","position":1,"name":"Home","item":"https:\/\/marcoronconi.com\/it\/"},{"@type":"ListItem","position":2,"name":"Autore"}]},{"@type":"WebSite","@id":"https:\/\/marcoronconi.com\/#website","url":"https:\/\/marcoronconi.com\/","name":"Marco Ronconi Nature Photographer","description":"Marco Ronconi Nature Photographer","publisher":{"@id":"https:\/\/marcoronconi.com\/#organization"},"potentialAction":[{"@type":"SearchAction","target":{"@type":"EntryPoint","urlTemplate":"https:\/\/marcoronconi.com\/?s={search_term_string}"},"query-input":{"@type":"PropertyValueSpecification","valueRequired":true,"valueName":"search_term_string"}}],"inLanguage":"it-IT"},{"@type":"Organization","@id":"https:\/\/marcoronconi.com\/#organization","name":"Marco Ronconi Nature Photographer","url":"https:\/\/marcoronconi.com\/","logo":{"@type":"ImageObject","inLanguage":"it-IT","@id":"https:\/\/marcoronconi.com\/#\/schema\/logo\/image\/","url":"https:\/\/marcoronconi.com\/wp-content\/uploads\/2016\/01\/Marco-Ronconi-logo-def.png","contentUrl":"https:\/\/marcoronconi.com\/wp-content\/uploads\/2016\/01\/Marco-Ronconi-logo-def.png","width":350,"height":62,"caption":"Marco Ronconi Nature Photographer"},"image":{"@id":"https:\/\/marcoronconi.com\/#\/schema\/logo\/image\/"},"sameAs":["https:\/\/www.facebook.com\/Marco-Ronconi-photographer-493864744094649\/","https:\/\/www.instagram.com\/marco_ronconi\/"]}]}},"_links":{"self":[{"href":"https:\/\/marcoronconi.com\/it\/wp-json\/wp\/v2\/pages\/2790","targetHints":{"allow":["GET"]}}],"collection":[{"href":"https:\/\/marcoronconi.com\/it\/wp-json\/wp\/v2\/pages"}],"about":[{"href":"https:\/\/marcoronconi.com\/it\/wp-json\/wp\/v2\/types\/page"}],"author":[{"embeddable":true,"href":"https:\/\/marcoronconi.com\/it\/wp-json\/wp\/v2\/users\/2"}],"replies":[{"embeddable":true,"href":"https:\/\/marcoronconi.com\/it\/wp-json\/wp\/v2\/comments?post=2790"}],"version-history":[{"count":3,"href":"https:\/\/marcoronconi.com\/it\/wp-json\/wp\/v2\/pages\/2790\/revisions"}],"predecessor-version":[{"id":2793,"href":"https:\/\/marcoronconi.com\/it\/wp-json\/wp\/v2\/pages\/2790\/revisions\/2793"}],"wp:featuredmedia":[{"embeddable":true,"href":"https:\/\/marcoronconi.com\/it\/wp-json\/wp\/v2\/media\/2204"}],"wp:attachment":[{"href":"https:\/\/marcoronconi.com\/it\/wp-json\/wp\/v2\/media?parent=2790"}],"curies":[{"name":"wp","href":"https:\/\/api.w.org\/{rel}","templated":true}]}}

<div  class="one withsmallpadding ppb_header " style="text-align:left;padding:30px 0 30px 0;" >
<div class="standard_wrapper">
<div class="page_content_wrapper">
<div class="inner">
<div style="margin:auto;width:100%">
<h2 class="ppb_title" style="">Author</h2>
<hr class="title_break left" style=""/>
<div class="ppb_header_content">
<p>Who I Am &#8211; Marco Ronconi</p>
</div>
</div>
</div>
</div>
</div>
</div>
<div  class="one withsmallpadding ppb_text" style="padding:30px 0 30px 0;" >
<div class="standard_wrapper">
<div class="page_content_wrapper">
<div class="inner">
<div style="margin:auto;width:100%">
<p style="text-align: left;">Fotografo professionista, specializzato nella fotografia di <strong>fauna selvatica e paesaggi</strong> dell’emisfero nord. Le sue stampe fine-art sono state esibite in gallerie e le sue immagini sono state presentate in svariate riviste europee. Attualmente rappresentato dalle gallerie Nordiart e Route gallery.</p>
<p style="text-align: left;">La sua visione fotografica si concentra specialmente nel cogliere emozioni e suggestioni, usando la luce ed elementi quali la neve, il ghiaccio e la nebbia. Cerca di celebrare la pura <strong>bellezza di un paesaggio</strong> o il fugace incontro con un <strong>animale selvatico</strong>, con semplicità, attribuendo la stessa importanza a ciò che non si vede ed è lasciato all&#8217;immaginazione. Il suo approccio alla fotografia naturalistica è più artistico e filosofico, che scientifico.</p>
<p style="text-align: left;">La fotografia non riguarda un ambiente specifico o una determinata specie, ma piuttosto il modo in cui quegli elementi opposti come chiaro e scuro o spazi vuoti e pieni, interagiscono tra loro creando quella sottile ma potente suggestione. Nel 2020 ha creato la casa editrice Kamui.</p>
</div>
</div>
</div>
</div>
</div>
<div  class="one withsmallpadding ppb_text" style="padding:30px 0 30px 0;" >
<div class="standard_wrapper">
<div class="page_content_wrapper">
<div class="inner">
<div style="margin:auto;width:100%">
<p style="text-align: left;">Fotografo professionista, specializzato nella fotografia di <strong>fauna selvatica e paesaggi</strong> dell’emisfero nord. Le sue stampe fine-art sono state esibite in gallerie e le sue immagini sono state presentate in svariate riviste europee. Attualmente rappresentato dalle gallerie Nordiart e Route gallery.</p>
<p style="text-align: left;">La sua visione fotografica si concentra specialmente nel cogliere emozioni e suggestioni, usando la luce ed elementi quali la neve, il ghiaccio e la nebbia. Cerca di celebrare la pura <strong>bellezza di un paesaggio</strong> o il fugace incontro con un <strong>animale selvatico</strong>, con semplicità, attribuendo la stessa importanza a ciò che non si vede ed è lasciato all&#8217;immaginazione. Il suo approccio alla fotografia naturalistica è più artistico e filosofico, che scientifico.</p>
<p style="text-align: left;">La fotografia non riguarda un ambiente specifico o una determinata specie, ma piuttosto il modo in cui quegli elementi opposti come chiaro e scuro o spazi vuoti e pieni, interagiscono tra loro creando quella sottile ma potente suggestione. Nel 2020 ha creato la casa editrice Kamui.</p>
</div>
</div>
</div>
</div>
</div>
